n 7 is divided by g(-1)?
2
Let c = -6 - -10. Let j = 19 - c. Calculate the remainder when 28 is divided by j.
13
Let a = 34 + -25. What is the remainder when 32 is divided by a?
5
Let n = -42 + 52. Calculate the remainder when 79 is divided by n.
9
Suppose p - 3 = f, 0*p + 4*f = 2*p - 10. Calculate the remainder when 41 is divided by (-5 - -2) + p - -16.
13
Let i = 28 + -20. Suppose 4*n - 94 = -5*f + 16, -4*n = 2*f - 44. Calculate the remainder when f is divided by i.
6
Let t(b) = b**2 - 5*b + 2. Let r be (-32)/(-6) + (-8)/(-12). Let k be t(r). Suppose k - 44 = -g. Calculate the remainder when g is divided by 19.
17
Suppose -5*c = 2*g - 8, 0*g - 3*c - 40 = -2*g. Let o = 1 + 7. Let q(p) = 4*p + 7. Calculate the remainder when q(o) is divided by g.
11
Let z(q) = q + 8. What is the remainder when 62 is divided by z(9)?
11
Suppose 2*t = -5*b + 2*b + 288, 5*t - 710 = -5*b. Calculate the remainder when t is divided by 20.
18
Let i be (-41)/(-4)*(-12)/3. Let v = i + 88. What is the remainder when v is divided by 10?
7
Let z = -19 + 19. Suppose z = 3*q - 21 - 0. Calculate the remainder when 12 is divided by q.
5
Let k = -6 - -19. Calculate the remainder when 22 is divided by k.
9
Suppose 3*j = -2*h - 27, -j + 2 - 1 = 0. Let m be (10/3)/(2/h). Let d = 35 + m. Calculate the remainder when d is divided by 6.
4
Suppose 32 = -4*u - 28. Let w = u + 40. Calculate the remainder when w is divided by 9.
7
Suppose t - 7 = 5*s - 2*t, -2*t - 8 = 3*s. Let k be (-2 - (0 - 0))/s. What is the remainder when 2 is divided by 6/(-15)*(-4 - k)?
0
Let w(c) = -c**2 - c + 64. Suppose 151 - 28 = -3*d. Let g = -19 - d. What is the remainder when w(0) is divided by g?
20
Suppose 2*h - 76 = -2*h + 4*y, 5*h - 87 = y. Calculate the remainder when h is divided by 115/20 + (-2)/(-8).
5
Let j = 40 - 25. What is the remainder when 47 is divided by j?
2
Suppose -2*b + 0*b = -5*m + 42, -2*m = 5*b - 40. Suppose -5*j - 40 = 5*i, i + 3*j - 4 = 2*i. Let k = i + m. What is the remainder when k is divided by 3?
0
Let k(q) = -7*q - 8. Calculate the remainder when k(-8) is divided by -17*(2 + (-12)/4).
14
Suppose -8*h = -4*h - 3*s - 113, 135 = 5*h - 5*s. What is the remainder when h is divided by 11?
10
Let s be (-1)/(3 - 142/47). What is the remainder when s/2 + (-1)/2 is divided by 13?
10
Let t(a) = -5*a**2 + 7*a**2 - 1 + 2*a**2 + 4*a. Calculate the remainder when 66 is divided by t(-3).
20
Suppose 3 = 3*k + f, 4*k = -4*f - 1 - 3. Calculate the remainder when k/(-4) + 57/2 is divided by 10.
8
What is the remainder when 71 is divided by ((-50)/(-3))/(6/9)?
21
Let a(l) = l**2 - 19*l - 31. Calculate the remainder when 64 is divided by a(21).
9
Calculate the remainder when ((-114)/18)/(3/(-27)) is divided by 15.
12
Suppose 4 = a - 16. What is the remainder when 76 is divided by a?
16
Let f(d) = -d. Let u(z) = -5*z - 4. Let h(y) = -6*f(y) + u(y). Calculate the remainder when 3 is divided by h(7).
0
Suppose q - 12 = -2*q. Suppose -15 = 3*x, -6*d + 14 = -4*d - 2*x. Calculate the remainder when q is divided by d.
0
Let f be 0/(-1 + 2 + -5). Calculate the remainder when 27 is divided by -1*21/(f + -3).
6
Let p(o) = o**2 - 4*o + 5. Let i be p(4). Suppose -b - i = -29. Suppose 3*y - 7 = -s, -6*s + 4*y = -5*s - 21. Calculate the remainder when b is divided by s.
11
Suppose 4*u - 93 = -3*a, 0 = 2*u - 0*u + 5*a - 29. What is the remainder when u is divided by 15?
12
Let y(t) = -2*t**2 + 24*t + 9. Calculate the remainder when y(10) is divided by 13.
10
Suppose x + 9 = 6*x - 4*j, 41 = 5*x + 4*j. Suppose 3*q - 26 = q. Suppose 0 = -3*w + 2*w + q. Calculate the remainder when w is divided by x.
3
Suppose -25 = -3*h - 2*h - 5*d, -14 = -h + 2*d. Let r = 34 - -15. What is the remainder when r is divided by 1 - (3 + -5)*h?
15
Let v = 19 - 10. Suppose -6*u = 616 - 772. Calculate the remainder when u is divided by v.
8
Let w = -26 - -14. Let n = 32 + w. Let j(v) = -v**2 + 9*v + 7. What is the remainder when n is divided by j(9)?
6
Suppose 5*x + 34 = 9. Let c be (x/3)/(2/(-6)). Calculate the remainder when 52 is divided by 528/30 + 2/c.
16
Let r = -133 - -264. Suppose r = 5*s - 139. What is the remainder when s is divided by 28?
26
Let r = 146 + -145. Let x be 3 - (0 - 0 - 0). Let i = x + -1. What is the remainder when i is divided by r?
0
Suppose 0*p - 120 = -3*p. Suppose -2*w = -7*w + p. Suppose 88 = 5*o - o. Calculate the remainder when o is divided by w.
6
What is the remainder when 81 is divided by 12/(-8)*8*-1?
9
Suppose -x - x + 10 = 0. Suppose r = x - 1. Let y(l) = -l**3 + 3*l**2 + 3*l - 7. What is the remainder when r is divided by y(2)?
1
Let q = 1 - -9. What is the remainder when q is divided by 6?
4
What is the remainder when 6/(-6)*(-24 - 1) is divided by 8/(-36) - (-384)/27?
11
Suppose 5*h - 5*w = -4 - 11, -5*h = -3*w + 9. Suppose -m + 5 + 4 = h. Calculate the remainder when m is divided by 3.
0
Suppose 0 = 5*c + 7*j - 2*j - 90, -4*c + 45 = -5*j. Let m = -10 + c. What is the remainder when 12 is divided by m?
2
Let f be (-2 - 0 - -3) + 19. Suppose -2*l + f = 3*l. Suppose -16 = -4*y, -7*y + 5*y - 32 = -4*d. What is the remainder when d is divided by l?
2
Suppose -3*u - 3*y = -4 - 59, 0 = -4*u - 2*y + 92. Calculate the remainder when 124 is divided by u.
24
Suppose -61 = -3*n - 16. Suppose 4*s + 10 = -6, j - 30 = s. Calculate the remainder when j is divided by n.
11
Calculate the remainder when -1*129/(1/(-1)) is divided by 22.
19
Let v(p) = -p**2 - 9*p + 4. Let q be v(-10). Let n(c) = -c**2 - 3*c + 4. Let d be n(q). Let f = 5 - d. What is the remainder when 37 is divided by f?
18
What is the remainder when 48/9*45/6 is divided by 15?
10
Let v = 6 + -2. What is the remainder when 6 is divided by v?
2
Suppose 7*n + 42 = 9*n. Calculate the remainder when n is divided by 6.
3
Let i = 1 + 4. Let w(b) = 0*b**3 - 23*b - b**3 + 10 - 5 + 24*b + 5*b**2. What is the remainder when 18 is divided by w(i)?
8
Let n(l) = -7*l**3 + 15*l**2 + 11*l + 14. Let i(t) = t**3 - t**2 - 1. Let c(p) = 6*i(p) + n(p). Calculate the remainder when 71 is divided by c(10).
17
Let z(j) = -j**3 - 9*j**2 - 8*j + 8. Let s be z(-8). Suppose r - 61 + s = 0. Suppose -3*x - 4 + 46 = 0. Calculate the remainder when r is divided by x.
11
Let v(f) = 4*f + 6. Calculate the remainder when v(5) is divided by 42/(-4)*(-1 - (-4)/12).
5
Suppose -2*a = 4*a - 222. Let w = 38 + -25. Calculate the remainder when a is divided by w.
11
Suppose -2*h + 110 = 4*g - 3*g, 187 = 3*h - 4*g. Calculate the remainder when h is divided by (60/8)/(-1)*-2.
12
Let t = -7 - -12. Suppose q = 3*d + t*q - 31, -d = 5*q - 25. Calculate the remainder when 13 is divided by d.
3
Let l be ((-8)/6)/(-2)*3. Suppose l*z + 3 = 4*z + x, -z - x = -3. Suppose 0 = -3*h - o + 15, 3 = -o - z. Calculate the remainder when 15 is divided by h.
3
Let k(r) = -2*r - 7. Let m be k(-5). Suppose -1 - m = -c. Calculate the remainder when c is divided by 3.
1
Suppose 3*y = y + 10. Suppose y*j - 5*v - 100 = 0, 5*j - v - v - 94 = 0. Calculate the remainder when j is divided by 7.
4
Let y = -44 + 9. Let r = -17 - y. Calculate the remainder when r is divided by 5.
3
Calculate the remainder when 139 is divided by -3 - ((-3 - 1) + -19).
19
Let j(w) = w - 14. Let d be j(11). Let u = 6 + d. What is the remainder when 5 is divided by u?
2
Suppose -8*m + 4*m + 12 = 0. Let n(i) = i + 7. What is the remainder when n(0) is divided by m?
1
Let t(h) = h + 4. Let v be t(5). Suppose -v*f + 7*f = -18. Calculate the remainder when 16 is divided by f.
7
Calculate the remainder when -3 + (2 + 105 - -3) is divided by (2/4)/(2/108).
26
Suppose -2*h + 4*j + 28 = -0*h, 115 = 5*h - j. Let t(s) = -1 - 1 - 4*s - 1 - s**3 + 6*s**2. Calculate the remainder when h is divided by t(4).
11
What is the remainder when 27 is divided by 3 + -1*(-7 + 0)?
7
Let j = 21 + -19. Calculate the remainder when (1 + 0)/(j/86) is divided by 15.
13
Suppose 3*w = -0*c - 2*c + 76, -2*c - w + 72 = 0. Let s be 14/(-2)*2/(-2). Suppose -3*v + s = -c. What is the remainder when v is divided by 8?
6
Let t = 113 + -62. Calculate the remainder when t is divided by 9.
6
Let p(k) = k + 1. Let q be p(-1). Let r be -34*(-2)/4 + -1. Suppose -7*h + 3*h + r = q. Calculate the remainder when 7 is divided by h.
3
Let f(q) = -43*q**3 + 1. Suppose 0 = t + 1. Let c = 38